e remainder when 159 is divided by g.
5
Suppose 196 = 2*k + 9*f - 7*f, 0 = -3*k + 5*f + 270. What is the remainder when k is divided by 20?
15
What is the remainder when 934 is divided by 238 + ((-4)/18)/((-59)/531)?
214
Suppose 4842 = -4*q + 5574. What is the remainder when 759 is divided by q?
27
Let i = -2636 + 2954. What is the remainder when 665 is divided by i?
29
Let o(a) = -2*a - 5 - 9 - 5 + 25 + 10*a**2. Calculate the remainder when o(4) is divided by 40.
38
Let i = -3688 + 4766. Calculate the remainder when i is divided by 155.
148
Suppose -21*o - 4*m = -20*o - 206, 0 = -2*m + 8. What is the remainder when o is divided by 4?
2
Let a(q) = 38*q**2 + 4*q**3 - 51*q**2 - q**3 - 43*q - 4*q**3 + 4. Calculate the remainder when (-4)/((-22)/18 + 1) is divided by a(-7).
7
Let i(v) = 4*v**3 + 2*v**2 - v - 1. Let w be i(1). Suppose 31 = 2*u - 3*c, w*c = u - 5 - 13. Calculate the remainder when 109 is divided by u.
11
Suppose 214*i + 132 = 226*i. What is the remainder when 242 is divided by i?
0
Suppose -4*k = -126 + 6. Calculate the remainder when (1 + 27/(-2))*(-216)/k is divided by 24.
18
Let x = -27544 + 27595. What is the remainder when 1677 is divided by x?
45
Let a = -32340 - -32465. What is the remainder when a is divided by 67?
58
Let x = 353 - 236. Let s = x + -86. Calculate the remainder when 432 is divided by s.
29
Suppose 0 = -2*x + 451*p - 450*p + 1118, 3*x - p - 1678 = 0. What is the remainder when x is divided by 64?
48
Suppose 2*g = -5*g + 2163. Calculate the remainder when g is divided by (-3498)/99*(-2 + -1).
97
Suppose -4 = -d - 3*d, 3*g - 83 = d. Let o = 88 - 56. Suppose -7*c + 10 = -o. Calculate the remainder when g is divided by c.
4
Suppose 9*p - 12*p + 18 = 0. Let l(q) = q**2 + 5*q - 8. Let a be l(-9). Suppose -2*z + 16 = -a. What is the remainder when z is divided by p?
4
Suppose -8273*m + 8290*m - 9095 = 0. Calculate the remainder when m is divided by 65.
15
Suppose 0 = 35*k + 7863 - 10768. Calculate the remainder when 3734 is divided by k.
82
Let j = -331 - -352. Suppose 22*m - j*m - 4*n - 19 = 0, 4*n - 3 = -m. Let q(s) = s**3 + 5*s**2 + 3*s - 3. What is the remainder when m is divided by q(-3)?
5
Let m(v) = -5*v**2 + 200*v + 92. What is the remainder when m(38) is divided by 68?
64
Suppose -v + 6*v - 15 = 0. Let n be (2*(59 + 2))/2. Let x = 64 - n. What is the remainder when v is divided by x?
0
Suppose 125 + 49 = -2*n. Let m = n - -90. Suppose 17 = m*b - 3*u - 55, -4*u = 2*b - 42. What is the remainder when 40 is divided by b?
17
Let t = -126 - -155. Suppose t = 11*d - 15. Suppose -d*a = -2*a - 32. What is the remainder when a is divided by 4?
0
Let n = -40 - -75. Suppose -4*o = -n - 109. Suppose 18 = 2*w + 5*r - 9, -w + 2*r = -o. Calculate the remainder when w is divided by 4.
2
Let j(x) = x**3 + 37*x**2 + 2*x + 143. Calculate the remainder when 75 is divided by j(-37).
6
What is the remainder when 1335 is divided by ((-2728)/8)/(((-1)/(-1)*1)/(-1))?
312
Suppose 4 - 3 = -b. Suppose w + 5*u = 35, 0 = -u + 9 - 6. What is the remainder when 33 is divided by 296/w - b/5?
3
Suppose -2162*c - 30 = -2*y - 2163*c, y = 3*c + 22. What is the remainder when 2962 is divided by y?
2
Let j = -40 + 41. Let u be j/4 + -1 - (-3626)/56. What is the remainder when 30 is divided by (2 + u/12)/(4/6)?
8
Suppose -449*x + 441*x = -40. Let j = 52 + -50. What is the remainder when x is divided by j?
1
Suppose -10*d - 2*d = -720. Calculate the remainder when 849/18 + (-10)/d is divided by 11.
3
Let z(q) = q**3 - 5*q**2 + 5*q - 1. Let l(u) = -u**3 - 4*u**2 + 3. Let y be l(-4). Let i be z(y). Calculate the remainder when 4/3*(-6)/i + 86 is divided by 10.
8
Let s be 22*((-39)/26)/1. Suppose 5*g = -h + 401, 32 = g + h - 49. Let x = s + g. Calculate the remainder when x is divided by 25.
22
Let m = -208 - -223. Calculate the remainder when 25 is divided by (1*(-5)/m)/(3/(-36)).
1
Calculate the remainder when 2466 is divided by -170*(-63)/45 + -14.
2
Let n = 299 - -255. Let s = 625 - n. Calculate the remainder when s is divided by 37.
34
Suppose -3*q = 5*u - 6139 + 1695, u = -3*q + 884. What is the remainder when u is divided by 30?
20
Suppose -109*l + 1524 = 216. Suppose -7*p - 50 = -2*p. Let k = p - -68. Calculate the remainder when k is divided by l.
10
Suppose 5*m = 387 + 2033. Suppose 2*g - 355 = -3*x, 71 = 5*x - 4*g - m. Calculate the remainder when ((-6)/(-27) - x/(-9)) + 0 is divided by 4.
1
Suppose -5*m - 45 = -155. Suppose 0 = -17*b + m*b - 500. What is the remainder when b is divided by 5?
0
Suppose 0 = -v + 4*b - 45, -v - 69 = 4*b - 8. Let n = 81 + v. Let u(r) = 10*r**2 - 11*r - 3. What is the remainder when n is divided by u(2)?
13
Let y(b) = 33*b**2 - 525*b + 2124. What is the remainder when y(4) is divided by 207?
138
Suppose 6*d + 570 = -4*d. Let h = d + 70. Suppose -5*m + g = -198 - 55, -m - 5*g = -35. What is the remainder when m is divided by h?
11
Suppose -4*f + 16 = 0, -4*f - 232 = -7*k + 5*k. Suppose -3*h = -k - 47. Calculate the remainder when 227 is divided by h.
56
Let m be 269/(-3)*-12*6/24. Suppose 1473 = 7*i + m. Calculate the remainder when i is divided by 35.
32
Let g = -113 - -206. Suppose -85*h - 48 = -g*h. Calculate the remainder when 107 is divided by h.
5
Let l(s) = s**3 - 9*s**2 - s + 13. Let v be l(9). Suppose -90 = -v*w - 2*w. Let y = w + 4. Calculate the remainder when 73 is divided by y.
16
Let m(g) = g**3 - 14*g**2 + 44*g - 554. What is the remainder when 446 is divided by m(14)?
12
Let n(x) = -3*x + 17. Let r(b) = 3. Let c(i) = 3*n(i) + 3*r(i). What is the remainder when 10 is divided by c(6)?
4
Suppose 11068 + 5332 = 80*s. What is the remainder when 216 is divided by s?
11
Let d(y) = 3*y**2 - 7*y - 49. Let b(n) = 7*n**2 - 14*n - 100. Let j(o) = -2*b(o) + 5*d(o). Calculate the remainder when j(13) is divided by 19.
14
Suppose -19*u + 4*d + 2733 = 0, -2*u - 290*d = -294*d - 302. Calculate the remainder when u is divided by 12.
11
Suppose -f = 5*i - 483 + 341, -3*i = -2*f + 219. What is the remainder when 4440 is divided by f?
111
Calculate the remainder when 178 is divided by (29 + -45)/(1*4/(-24)).
82
Suppose 0 = -4*z - 4*f + 572, -z - z + 4*f + 280 = 0. Let x = z + -24. Calculate the remainder when x is divided by 41.
36
Let z = 50711 + -50694. Let d = 79 - 46. Calculate the remainder when d is divided by z.
16
Let v(m) = -m**3 - m**2 + 4*m - 1. Let n be v(0). Calculate the remainder when 142/(n + 15*(-4)/(-36)) is divided by 55.
48
Let f(o) = 11*o**2 - 2*o + 3. Let a be (-3 - -2)/((-3)/39). Suppose -6*q + 4*h = -11*q + a, -h + 2 = 0. What is the remainder when f(q) is divided by 4?
0
Let l(s) be the second derivative of -13*s**3/6 - 92*s**2 - 4*s - 4. What is the remainder when 302 is divided by l(-20)?
74
Suppose 0 = -m - n + 52, 3*n - 60 = 5*m - 6*m. Let s = -149 + 674. What is the remainder when s is divided by m?
45
Suppose -37*i + 515 + 7855 = 25*i. Calculate the remainder when i is divided by 71 + -2*(-2)/(-4).
65
Let n(o) = o**2 + 343*o + 33675. What is the remainder when n(0) is divided by 7?
5
Let k = 9 - 54. Let r be k/6*24/18. What is the remainder when 19 is divided by (r/8)/(21/(-4) + 5)?
4
Suppose -v = 15*v + 192. What is the remainder when 177 is divided by (-7 - (-3)/3)*(v + 2)?
57
Suppose r - 23 = -16. What is the remainder when (48/20 - -2)*5 is divided by r?
1
Let c(p) = -9*p**3 - 5*p**2 + 6*p - 2. Let o be c(1). Let d(k) = k**3 + 10*k**2 - 2*k - 8. What is the remainder when 42 is divided by d(o)?
6
Let w(k) = k**3 + 2*k**2 - 2*k + 6. Let l be w(-3). Let z be l/(-18) - 2905/(-42). Suppose 0 = 5*h - 41 - z. Calculate the remainder when 86 is divided by h.
20
Suppose -8*n - 1505 + 7025 = 0. Let o = n - 561. What is the remainder when o is divided by 28?
17
Suppose 0 = -5*v - 4*l + 4, 4*l = v + 2*l - 12. Suppose v*g - 30 = 3*g. Let r = 3 - -5. Calculate the remainder when g is divided by r.
6
What is the remainder when (-13*(372/24 - 15))/(2/(-36)) is divided by (-16)/6*(0 - 3)?
5
Suppose -500*m + 458*m = -5292. What is the remainder when 3525 is divided by m?
123
Let z(b) = b + 11. Calculate the remainder when (-12)/(3 - 182/42) is divided by z(-6).
4
Let c(u) = 6*u**2 + 26*u - 16. Let t(x) = -5*x**2 - 26*x + 15. Let i(v) = 4*c(v) + 5*t(v). Calculate the remainder when i(-25) is div